{"id":8,"date":"2014-04-27T17:27:35","date_gmt":"2014-04-27T15:27:35","guid":{"rendered":"http:\/\/www.judo-poznan.pl\/?page_id=8"},"modified":"2014-09-16T17:43:09","modified_gmt":"2014-09-16T15:43:09","slug":"treningi-judo","status":"publish","type":"page","link":"http:\/\/www.judo-poznan.pl\/?page_id=8","title":{"rendered":"Treningi judo"},"content":{"rendered":"<p>Pozna\u0144ski Klub Sportowy prowadzi zaj\u0119cia judo dla:<\/p>\n<ul>\n<li>dzieci w grupach wiekowych od 3 &#8211; 5 lat i 6 &#8211; 9 lat.<\/li>\n<\/ul>\n<p><a href=\"http:\/\/www.judo-poznan.pl\/wp-content\/uploads\/2014\/04\/trening-dzieci.jpg\"><img decoding=\"async\" loading=\"lazy\" class=\"size-medium wp-image-816 aligncenter\" src=\"http:\/\/www.judo-poznan.pl\/wp-content\/uploads\/2014\/04\/trening-dzieci-300x225.jpg\" alt=\"trening dzieci\" width=\"300\" height=\"225\" srcset=\"http:\/\/www.judo-poznan.pl\/wp-content\/uploads\/2014\/04\/trening-dzieci-300x225.jpg 300w, http:\/\/www.judo-poznan.pl\/wp-content\/uploads\/2014\/04\/trening-dzieci.jpg 640w\" sizes=\"(max-width: 300px) 100vw, 300px\" \/><\/a><\/p>\n<ul>\n<li>m\u0142odzie\u017cy od 10 &#8211; 15 lat i po wy\u017cej 16 lat.<\/li>\n<\/ul>\n<p>&nbsp;<\/p>\n<p style=\"text-align: center;\">\u00a0 <a href=\"http:\/\/www.judo-poznan.pl\/wp-content\/uploads\/2014\/04\/trening-m\u0142odzie\u017cy.jpg\"><img decoding=\"async\" loading=\"lazy\" class=\"wp-image-818\" src=\"http:\/\/www.judo-poznan.pl\/wp-content\/uploads\/2014\/04\/trening-m\u0142odzie\u017cy-300x200.jpg\" alt=\"trening m\u0142odzie\u017cy\" width=\"309\" height=\"206\" srcset=\"http:\/\/www.judo-poznan.pl\/wp-content\/uploads\/2014\/04\/trening-m\u0142odzie\u017cy-300x200.jpg 300w, http:\/\/www.judo-poznan.pl\/wp-content\/uploads\/2014\/04\/trening-m\u0142odzie\u017cy.jpg 625w\" sizes=\"(max-width: 309px) 100vw, 309px\" \/><\/a><\/p>\n","protected":false},"excerpt":{"rendered":"<p>Pozna\u0144ski Klub Sportowy prowadzi zaj\u0119cia judo dla: dzieci w grupach wiekowych od 3 &#8211; 5 lat i 6 &#8211; 9 lat. m\u0142odzie\u017cy od 10 &#8211; 15 lat i po wy\u017cej 16 lat. &nbsp; \u00a0<\/p>\n","protected":false},"author":1,"featured_media":0,"parent":0,"menu_order":4,"comment_status":"closed","ping_status":"closed","template":"","meta":[],"_links":{"self":[{"href":"http:\/\/www.judo-poznan.pl\/index.php?rest_route=\/wp\/v2\/pages\/8"}],"collection":[{"href":"http:\/\/www.judo-poznan.pl\/index.php?rest_route=\/wp\/v2\/pages"}],"about":[{"href":"http:\/\/www.judo-poznan.pl\/index.php?rest_route=\/wp\/v2\/types\/page"}],"author":[{"embeddable":true,"href":"http:\/\/www.judo-poznan.pl\/index.php?rest_route=\/wp\/v2\/users\/1"}],"replies":[{"embeddable":true,"href":"http:\/\/www.judo-poznan.pl\/index.php?rest_route=%2Fwp%2Fv2%2Fcomments&post=8"}],"version-history":[{"count":7,"href":"http:\/\/www.judo-poznan.pl\/index.php?rest_route=\/wp\/v2\/pages\/8\/revisions"}],"predecessor-version":[{"id":823,"href":"http:\/\/www.judo-poznan.pl\/index.php?rest_route=\/wp\/v2\/pages\/8\/revisions\/823"}],"wp:attachment":[{"href":"http:\/\/www.judo-poznan.pl\/index.php?rest_route=%2Fwp%2Fv2%2Fmedia&parent=8"}],"curies":[{"name":"wp","href":"https:\/\/api.w.org\/{rel}","templated":true}]}}

<p>Poznański Klub Sportowy prowadzi zajęcia judo dla:</p>
<ul>
<li>dzieci w grupach wiekowych od 3 &#8211; 5 lat i 6 &#8211; 9 lat.</li>
</ul>
<p><a href="http://www.judo-poznan.pl/wp-content/uploads/2014/04/trening-dzieci.jpg"><img decoding="async" loading="lazy" class="size-medium wp-image-816 aligncenter" src="http://www.judo-poznan.pl/wp-content/uploads/2014/04/trening-dzieci-300x225.jpg" alt="trening dzieci" width="300" height="225" srcset="http://www.judo-poznan.pl/wp-content/uploads/2014/04/trening-dzieci-300x225.jpg 300w, http://www.judo-poznan.pl/wp-content/uploads/2014/04/trening-dzieci.jpg 640w" sizes="(max-width: 300px) 100vw, 300px" /></a></p>
<ul>
<li>młodzieży od 10 &#8211; 15 lat i po wyżej 16 lat.</li>
</ul>
<p>&nbsp;</p>
<p style="text-align: center;">  <a href="http://www.judo-poznan.pl/wp-content/uploads/2014/04/trening-młodzieży.jpg"><img decoding="async" loading="lazy" class="wp-image-818" src="http://www.judo-poznan.pl/wp-content/uploads/2014/04/trening-młodzieży-300x200.jpg" alt="trening młodzieży" width="309" height="206" srcset="http://www.judo-poznan.pl/wp-content/uploads/2014/04/trening-młodzieży-300x200.jpg 300w, http://www.judo-poznan.pl/wp-content/uploads/2014/04/trening-młodzieży.jpg 625w" sizes="(max-width: 309px) 100vw, 309px" /></a></p>

<p>Poznański Klub Sportowy prowadzi zajęcia judo dla: dzieci w grupach wiekowych od 3 &#8211; 5 lat i 6 &#8211; 9 lat. młodzieży od 10 &#8211; 15 lat i po wyżej 16 lat. &nbsp;  </p>
