{"id":12,"date":"2014-04-27T17:28:15","date_gmt":"2014-04-27T15:28:15","guid":{"rendered":"http:\/\/www.judo-poznan.pl\/?page_id=12"},"modified":"2014-09-18T18:55:10","modified_gmt":"2014-09-18T16:55:10","slug":"judo-dla-mlodziezy","status":"publish","type":"page","link":"https:\/\/www.judo-poznan.pl\/?page_id=12","title":{"rendered":"Judo dla m\u0142odzie\u017cy"},"content":{"rendered":"<ul>\n<li>zaj\u0119cia judo trwaj\u0105 90 minut,<\/li>\n<li>obowi\u0105zuje nauczanie wg programu Polskiego Zwi\u0105zku Judo,<\/li>\n<li>dzieci i m\u0142odzie\u017c zdaj\u0105 na stopnie kyu i dan,<\/li>\n<li>dzieci i m\u0142odzie\u017c uczestnicz\u0105c\u0105 w treningach sportowych obowi\u0105zuj\u0105 aktualne badania lekarskie (Wojew\u00f3dzka Przychodnia Sportowo Lekarska),<\/li>\n<li>dzieci i m\u0142odzie\u017c posiada aktualne licencje sportowe Polskiego Zwi\u0105zku Judo,<\/li>\n<li>udzia\u0142 w zawodach sportowych jest istotn\u0105 cz\u0119\u015bci\u0105 programu szkolenia,<\/li>\n<li>\u0107wicz\u0105cych obowi\u0105zuj\u0105 zasady kultury judo oraz szacunku do przeciwnika\/ partnera (zasady fair play).<\/li>\n<\/ul>\n<p>&nbsp;<\/p>\n<p>Czy judo jest doskona\u0142ym sportem dla ch\u0142opc\u00f3w i dziewczynek? &#8211; wywiad z trenerem Mariuszem Gro\u0144skim i judoczk\u0105 King\u0105 Koster\u0105.<\/p>\n<p><iframe loading=\"lazy\" width=\"669\" height=\"376\" src=\"http:\/\/www.youtube.com\/embed\/6iI7N01OGZs?feature=oembed\" frameborder=\"0\" allowfullscreen><\/iframe><\/p>\n<p>Dlaczego warto \u0107wiczy\u0107 judo? &#8211; wywiad z trenerem Maciejem N\u0119dzykiem i judoczk\u0105 Weronik\u0105 N\u0119dzyk.<\/p>\n<p><iframe loading=\"lazy\" width=\"669\" height=\"376\" src=\"http:\/\/www.youtube.com\/embed\/gxA710e9R00?feature=oembed\" frameborder=\"0\" allowfullscreen><\/iframe><\/p>\n<p>&nbsp;<\/p>\n<p>M\u0142odzi judocy o judo &#8211; wywiad w Radio Merkury.<\/p>\n<p><iframe loading=\"lazy\" width=\"669\" height=\"376\" src=\"http:\/\/www.youtube.com\/embed\/BNv1HshJQNU?feature=oembed\" frameborder=\"0\" allowfullscreen><\/iframe><\/p>\n<p>&nbsp;<\/p>\n<p style=\"text-align: center;\">\n","protected":false},"excerpt":{"rendered":"<p>zaj\u0119cia judo trwaj\u0105 90 minut, obowi\u0105zuje nauczanie wg programu Polskiego Zwi\u0105zku Judo, dzieci i m\u0142odzie\u017c zdaj\u0105 na stopnie kyu i dan, dzieci i m\u0142odzie\u017c uczestnicz\u0105c\u0105 w treningach sportowych obowi\u0105zuj\u0105 aktualne badania lekarskie (Wojew\u00f3dzka Przychodnia Sportowo Lekarska), dzieci i m\u0142odzie\u017c posiada aktualne licencje sportowe Polskiego Zwi\u0105zku Judo, udzia\u0142 w zawodach sportowych jest istotn\u0105 cz\u0119\u015bci\u0105 programu szkolenia, [&hellip;]<\/p>\n","protected":false},"author":1,"featured_media":0,"parent":8,"menu_order":0,"comment_status":"closed","ping_status":"closed","template":"","meta":[],"_links":{"self":[{"href":"https:\/\/www.judo-poznan.pl\/index.php?rest_route=\/wp\/v2\/pages\/12"}],"collection":[{"href":"https:\/\/www.judo-poznan.pl\/index.php?rest_route=\/wp\/v2\/pages"}],"about":[{"href":"https:\/\/www.judo-poznan.pl\/index.php?rest_route=\/wp\/v2\/types\/page"}],"author":[{"embeddable":true,"href":"https:\/\/www.judo-poznan.pl\/index.php?rest_route=\/wp\/v2\/users\/1"}],"replies":[{"embeddable":true,"href":"https:\/\/www.judo-poznan.pl\/index.php?rest_route=%2Fwp%2Fv2%2Fcomments&post=12"}],"version-history":[{"count":16,"href":"https:\/\/www.judo-poznan.pl\/index.php?rest_route=\/wp\/v2\/pages\/12\/revisions"}],"predecessor-version":[{"id":911,"href":"https:\/\/www.judo-poznan.pl\/index.php?rest_route=\/wp\/v2\/pages\/12\/revisions\/911"}],"up":[{"embeddable":true,"href":"https:\/\/www.judo-poznan.pl\/index.php?rest_route=\/wp\/v2\/pages\/8"}],"wp:attachment":[{"href":"https:\/\/www.judo-poznan.pl\/index.php?rest_route=%2Fwp%2Fv2%2Fmedia&parent=12"}],"curies":[{"name":"wp","href":"https:\/\/api.w.org\/{rel}","templated":true}]}}